{"id":638,"date":"2025-06-18T00:00:13","date_gmt":"2025-06-18T00:00:13","guid":{"rendered":"https:\/\/sklep.alinaduchnowska.pl\/sklepad\/?post_type=product&#038;p=638"},"modified":"2025-06-17T18:48:09","modified_gmt":"2025-06-17T18:48:09","slug":"krew-otore-klan-smoka-tom-4-2","status":"publish","type":"product","link":"https:\/\/sklep.alinaduchnowska.pl\/sklepad\/index.php\/produkt\/krew-otore-klan-smoka-tom-4-2\/","title":{"rendered":"Krew Otore Klan Smoka tom 4"},"content":{"rendered":"<p>Yuno z\u0142o\u017cy\u0142a kiedy\u015b obietnic\u0119: nigdy nie wr\u00f3ci do \u015awi\u0105tyni \u2013 cokolwiek musia\u0142aby po\u015bwi\u0119ci\u0107 i do jakichkolwiek czyn\u00f3w mia\u0142aby si\u0119 posun\u0105\u0107. Ale czy dotrzyma s\u0142owa, kiedy ca\u0142e pokolenia duch\u00f3w przodk\u00f3w zdecyduj\u0105 si\u0119 obarczy\u0107 j\u0105 misj\u0105 ocalenia w\u0142asnych oprawc\u00f3w?<\/p>\n<p>G\u0142\u0119boko w antycznych fundamentach \u015awi\u0105tyni od wiek\u00f3w drzemie Macierz \u2013 Boska Iskra, stworzycielka smok\u00f3w. Skradziona tysi\u0105ce lat temu i ukryta w g\u0142\u0119bi ludzkich krain cierpliwie czeka, a\u017c nadejdzie czas jej powrotu na \u015bwiat. Moment ten zbli\u017ca si\u0119 nieub\u0142aganie.<\/p>\n<p>Rozpoczyna si\u0119 walka o panowanie nad \u015awi\u0105tyni\u0105 i Macierz\u0105.<\/p>\n","protected":false},"excerpt":{"rendered":"<p>Ksi\u0105\u017cka z zak\u0142adk\u0105.<\/p>\n<p>Istnieje mo\u017cliwo\u015b\u0107 wpisania autografu oraz personalizowanej dedykacji. Je\u015bli Pa\u0144stwo \u017cycz\u0105 sobie wpisania dedykacji prosz\u0119 o tak\u0105 informacj\u0119 w uwagach do zam\u00f3wienia razem z imieniem osoby, dla kt\u00f3rej ma by\u0107 ona przeznaczona.<\/p>\n","protected":false},"featured_media":599,"comment_status":"open","ping_status":"closed","template":"","meta":[],"product_brand":[],"product_cat":[19,46,24],"product_tag":[],"class_list":{"0":"post-638","1":"product","2":"type-product","3":"status-publish","4":"has-post-thumbnail","6":"product_cat-klan-smoka","7":"product_cat-krew-otore","8":"product_cat-ksiazki","9":"product_shipping_class-paczkomat-inpost","11":"first","12":"instock","13":"shipping-taxable","14":"purchasable","15":"product-type-simple"},"yoast_head":"<!-- This site is optimized with the Yoast SEO plugin v27.1.1 - https:\/\/yoast.com\/product\/yoast-seo-wordpress\/ -->\n<title>Krew Otore Klan Smoka tom 4 - Sklep Alina Duchnowska<\/title>\n<meta name=\"description\" content=\"Klan Smoka Krew Otore. Czwarty tom sagi fantasy Klan Smoka. Rozpoczyna si\u0119 walka o panowanie nad \u015awi\u0105tyni\u0105 i Macierz\u0105. Zam\u00f3w ju\u017c teraz!\" \/>\n<meta name=\"robots\" content=\"index, follow, max-snippet:-1, max-image-preview:large, max-video-preview:-1\" \/>\n<link rel=\"canonical\" href=\"https:\/\/sklep.alinaduchnowska.pl\/sklepad\/index.php\/produkt\/krew-otore-klan-smoka-tom-4-2\/\" \/>\n<meta property=\"og:locale\" content=\"en_US\" \/>\n<meta property=\"og:type\" content=\"article\" \/>\n<meta property=\"og:title\" content=\"Krew Otore Klan Smoka tom 4 - Sklep Alina Duchnowska\" \/>\n<meta property=\"og:description\" content=\"Klan Smoka Krew Otore. Czwarty tom sagi fantasy Klan Smoka. Rozpoczyna si\u0119 walka o panowanie nad \u015awi\u0105tyni\u0105 i Macierz\u0105. Zam\u00f3w ju\u017c teraz!\" \/>\n<meta property=\"og:url\" content=\"https:\/\/sklep.alinaduchnowska.pl\/sklepad\/index.php\/produkt\/krew-otore-klan-smoka-tom-4-2\/\" \/>\n<meta property=\"og:site_name\" content=\"Sklep Alina Duchnowska\" \/>\n<meta property=\"article:publisher\" content=\"https:\/\/www.facebook.com\/alinaduchnowskaautorka\" \/>\n<meta property=\"og:image\" content=\"https:\/\/sklep.alinaduchnowska.pl\/sklepad\/wp-content\/uploads\/2025\/05\/3.png\" \/>\n\t<meta property=\"og:image:width\" content=\"500\" \/>\n\t<meta property=\"og:image:height\" content=\"500\" \/>\n\t<meta property=\"og:image:type\" content=\"image\/png\" \/>\n<meta name=\"twitter:card\" content=\"summary_large_image\" \/>\n<meta name=\"twitter:label1\" content=\"Est. reading time\" \/>\n\t<meta name=\"twitter:data1\" content=\"1 minute\" \/>\n<script type=\"application\/ld+json\" class=\"yoast-schema-graph\">{\"@context\":\"https:\/\/schema.org\",\"@graph\":[{\"@type\":\"WebPage\",\"@id\":\"https:\/\/sklep.alinaduchnowska.pl\/sklepad\/index.php\/produkt\/krew-otore-klan-smoka-tom-4-2\/\",\"url\":\"https:\/\/sklep.alinaduchnowska.pl\/sklepad\/index.php\/produkt\/krew-otore-klan-smoka-tom-4-2\/\",\"name\":\"Krew Otore Klan Smoka tom 4 - Sklep Alina Duchnowska\",\"isPartOf\":{\"@id\":\"https:\/\/sklep.alinaduchnowska.pl\/sklepad\/#website\"},\"primaryImageOfPage\":{\"@id\":\"https:\/\/sklep.alinaduchnowska.pl\/sklepad\/index.php\/produkt\/krew-otore-klan-smoka-tom-4-2\/#primaryimage\"},\"image\":{\"@id\":\"https:\/\/sklep.alinaduchnowska.pl\/sklepad\/index.php\/produkt\/krew-otore-klan-smoka-tom-4-2\/#primaryimage\"},\"thumbnailUrl\":\"https:\/\/sklep.alinaduchnowska.pl\/sklepad\/wp-content\/uploads\/2025\/05\/3.png\",\"datePublished\":\"2025-06-18T00:00:13+00:00\",\"description\":\"Klan Smoka Krew Otore. Czwarty tom sagi fantasy Klan Smoka. Rozpoczyna si\u0119 walka o panowanie nad \u015awi\u0105tyni\u0105 i Macierz\u0105. Zam\u00f3w ju\u017c teraz!\",\"breadcrumb\":{\"@id\":\"https:\/\/sklep.alinaduchnowska.pl\/sklepad\/index.php\/produkt\/krew-otore-klan-smoka-tom-4-2\/#breadcrumb\"},\"inLanguage\":\"en-US\",\"potentialAction\":[{\"@type\":\"ReadAction\",\"target\":[\"https:\/\/sklep.alinaduchnowska.pl\/sklepad\/index.php\/produkt\/krew-otore-klan-smoka-tom-4-2\/\"]}]},{\"@type\":\"ImageObject\",\"inLanguage\":\"en-US\",\"@id\":\"https:\/\/sklep.alinaduchnowska.pl\/sklepad\/index.php\/produkt\/krew-otore-klan-smoka-tom-4-2\/#primaryimage\",\"url\":\"https:\/\/sklep.alinaduchnowska.pl\/sklepad\/wp-content\/uploads\/2025\/05\/3.png\",\"contentUrl\":\"https:\/\/sklep.alinaduchnowska.pl\/sklepad\/wp-content\/uploads\/2025\/05\/3.png\",\"width\":500,\"height\":500},{\"@type\":\"BreadcrumbList\",\"@id\":\"https:\/\/sklep.alinaduchnowska.pl\/sklepad\/index.php\/produkt\/krew-otore-klan-smoka-tom-4-2\/#breadcrumb\",\"itemListElement\":[{\"@type\":\"ListItem\",\"position\":1,\"name\":\"Strona g\u0142\u00f3wna\",\"item\":\"https:\/\/sklep.alinaduchnowska.pl\/sklepad\/\"},{\"@type\":\"ListItem\",\"position\":2,\"name\":\"Sklep\",\"item\":\"https:\/\/sklep.alinaduchnowska.pl\/sklepad\/\"},{\"@type\":\"ListItem\",\"position\":3,\"name\":\"Krew Otore Klan Smoka tom 4\"}]},{\"@type\":\"WebSite\",\"@id\":\"https:\/\/sklep.alinaduchnowska.pl\/sklepad\/#website\",\"url\":\"https:\/\/sklep.alinaduchnowska.pl\/sklepad\/\",\"name\":\"Sklep Alina Duchnowska\",\"description\":\"\",\"publisher\":{\"@id\":\"https:\/\/sklep.alinaduchnowska.pl\/sklepad\/#\/schema\/person\/5a03d5ff8b938bf848d10e19e2909440\"},\"potentialAction\":[{\"@type\":\"SearchAction\",\"target\":{\"@type\":\"EntryPoint\",\"urlTemplate\":\"https:\/\/sklep.alinaduchnowska.pl\/sklepad\/?s={search_term_string}\"},\"query-input\":{\"@type\":\"PropertyValueSpecification\",\"valueRequired\":true,\"valueName\":\"search_term_string\"}}],\"inLanguage\":\"en-US\"},{\"@type\":[\"Person\",\"Organization\"],\"@id\":\"https:\/\/sklep.alinaduchnowska.pl\/sklepad\/#\/schema\/person\/5a03d5ff8b938bf848d10e19e2909440\",\"name\":\"alinadasklep\",\"image\":{\"@type\":\"ImageObject\",\"inLanguage\":\"en-US\",\"@id\":\"https:\/\/sklep.alinaduchnowska.pl\/sklepad\/#\/schema\/person\/image\/\",\"url\":\"https:\/\/sklep.alinaduchnowska.pl\/sklepad\/wp-content\/uploads\/2023\/04\/logo-kolor-mini-jpg.jpg\",\"contentUrl\":\"https:\/\/sklep.alinaduchnowska.pl\/sklepad\/wp-content\/uploads\/2023\/04\/logo-kolor-mini-jpg.jpg\",\"width\":197,\"height\":197,\"caption\":\"alinadasklep\"},\"logo\":{\"@id\":\"https:\/\/sklep.alinaduchnowska.pl\/sklepad\/#\/schema\/person\/image\/\"},\"description\":\"Urodzona w 1988. Pisarka i samodzielna wydawczyni, autorka cyklu fantasy \u201eKlan Smoka\u201d. Lubi snu\u0107 opowie\u015bci o magii i mi\u0142o\u015bci. Wielbicielka mangi i anime oraz zapalona r\u0119kodzielniczka. Mi\u0142o\u015bci\u0105 jej \u017cycia s\u0105 koty, kt\u00f3re lgn\u0105 do niej ca\u0142ymi stadami. Dlatego gdziekolwiek idzie, towarzysz\u0105 jej chmury kociego futerka.\",\"sameAs\":[\"http:\/\/sklep.alinaduchnowska.pl\/sklepad\",\"https:\/\/www.facebook.com\/alinaduchnowskaautorka\",\"https:\/\/www.instagram.com\/alina_duchnowska_autorka\/\",\"https:\/\/www.youtube.com\/channel\/UCdmmU95sCOeZjpMXyH2zw3w\"]}]}<\/script>\n<!-- \/ Yoast SEO plugin. -->","yoast_head_json":{"title":"Krew Otore Klan Smoka tom 4 - Sklep Alina Duchnowska","description":"Klan Smoka Krew Otore. Czwarty tom sagi fantasy Klan Smoka. Rozpoczyna si\u0119 walka o panowanie nad \u015awi\u0105tyni\u0105 i Macierz\u0105. Zam\u00f3w ju\u017c teraz!","robots":{"index":"index","follow":"follow","max-snippet":"max-snippet:-1","max-image-preview":"max-image-preview:large","max-video-preview":"max-video-preview:-1"},"canonical":"https:\/\/sklep.alinaduchnowska.pl\/sklepad\/index.php\/produkt\/krew-otore-klan-smoka-tom-4-2\/","og_locale":"en_US","og_type":"article","og_title":"Krew Otore Klan Smoka tom 4 - Sklep Alina Duchnowska","og_description":"Klan Smoka Krew Otore. Czwarty tom sagi fantasy Klan Smoka. Rozpoczyna si\u0119 walka o panowanie nad \u015awi\u0105tyni\u0105 i Macierz\u0105. Zam\u00f3w ju\u017c teraz!","og_url":"https:\/\/sklep.alinaduchnowska.pl\/sklepad\/index.php\/produkt\/krew-otore-klan-smoka-tom-4-2\/","og_site_name":"Sklep Alina Duchnowska","article_publisher":"https:\/\/www.facebook.com\/alinaduchnowskaautorka","og_image":[{"width":500,"height":500,"url":"https:\/\/sklep.alinaduchnowska.pl\/sklepad\/wp-content\/uploads\/2025\/05\/3.png","type":"image\/png"}],"twitter_card":"summary_large_image","twitter_misc":{"Est. reading time":"1 minute"},"schema":{"@context":"https:\/\/schema.org","@graph":[{"@type":"WebPage","@id":"https:\/\/sklep.alinaduchnowska.pl\/sklepad\/index.php\/produkt\/krew-otore-klan-smoka-tom-4-2\/","url":"https:\/\/sklep.alinaduchnowska.pl\/sklepad\/index.php\/produkt\/krew-otore-klan-smoka-tom-4-2\/","name":"Krew Otore Klan Smoka tom 4 - Sklep Alina Duchnowska","isPartOf":{"@id":"https:\/\/sklep.alinaduchnowska.pl\/sklepad\/#website"},"primaryImageOfPage":{"@id":"https:\/\/sklep.alinaduchnowska.pl\/sklepad\/index.php\/produkt\/krew-otore-klan-smoka-tom-4-2\/#primaryimage"},"image":{"@id":"https:\/\/sklep.alinaduchnowska.pl\/sklepad\/index.php\/produkt\/krew-otore-klan-smoka-tom-4-2\/#primaryimage"},"thumbnailUrl":"https:\/\/sklep.alinaduchnowska.pl\/sklepad\/wp-content\/uploads\/2025\/05\/3.png","datePublished":"2025-06-18T00:00:13+00:00","description":"Klan Smoka Krew Otore. Czwarty tom sagi fantasy Klan Smoka. Rozpoczyna si\u0119 walka o panowanie nad \u015awi\u0105tyni\u0105 i Macierz\u0105. Zam\u00f3w ju\u017c teraz!","breadcrumb":{"@id":"https:\/\/sklep.alinaduchnowska.pl\/sklepad\/index.php\/produkt\/krew-otore-klan-smoka-tom-4-2\/#breadcrumb"},"inLanguage":"en-US","potentialAction":[{"@type":"ReadAction","target":["https:\/\/sklep.alinaduchnowska.pl\/sklepad\/index.php\/produkt\/krew-otore-klan-smoka-tom-4-2\/"]}]},{"@type":"ImageObject","inLanguage":"en-US","@id":"https:\/\/sklep.alinaduchnowska.pl\/sklepad\/index.php\/produkt\/krew-otore-klan-smoka-tom-4-2\/#primaryimage","url":"https:\/\/sklep.alinaduchnowska.pl\/sklepad\/wp-content\/uploads\/2025\/05\/3.png","contentUrl":"https:\/\/sklep.alinaduchnowska.pl\/sklepad\/wp-content\/uploads\/2025\/05\/3.png","width":500,"height":500},{"@type":"BreadcrumbList","@id":"https:\/\/sklep.alinaduchnowska.pl\/sklepad\/index.php\/produkt\/krew-otore-klan-smoka-tom-4-2\/#breadcrumb","itemListElement":[{"@type":"ListItem","position":1,"name":"Strona g\u0142\u00f3wna","item":"https:\/\/sklep.alinaduchnowska.pl\/sklepad\/"},{"@type":"ListItem","position":2,"name":"Sklep","item":"https:\/\/sklep.alinaduchnowska.pl\/sklepad\/"},{"@type":"ListItem","position":3,"name":"Krew Otore Klan Smoka tom 4"}]},{"@type":"WebSite","@id":"https:\/\/sklep.alinaduchnowska.pl\/sklepad\/#website","url":"https:\/\/sklep.alinaduchnowska.pl\/sklepad\/","name":"Sklep Alina Duchnowska","description":"","publisher":{"@id":"https:\/\/sklep.alinaduchnowska.pl\/sklepad\/#\/schema\/person\/5a03d5ff8b938bf848d10e19e2909440"},"potentialAction":[{"@type":"SearchAction","target":{"@type":"EntryPoint","urlTemplate":"https:\/\/sklep.alinaduchnowska.pl\/sklepad\/?s={search_term_string}"},"query-input":{"@type":"PropertyValueSpecification","valueRequired":true,"valueName":"search_term_string"}}],"inLanguage":"en-US"},{"@type":["Person","Organization"],"@id":"https:\/\/sklep.alinaduchnowska.pl\/sklepad\/#\/schema\/person\/5a03d5ff8b938bf848d10e19e2909440","name":"alinadasklep","image":{"@type":"ImageObject","inLanguage":"en-US","@id":"https:\/\/sklep.alinaduchnowska.pl\/sklepad\/#\/schema\/person\/image\/","url":"https:\/\/sklep.alinaduchnowska.pl\/sklepad\/wp-content\/uploads\/2023\/04\/logo-kolor-mini-jpg.jpg","contentUrl":"https:\/\/sklep.alinaduchnowska.pl\/sklepad\/wp-content\/uploads\/2023\/04\/logo-kolor-mini-jpg.jpg","width":197,"height":197,"caption":"alinadasklep"},"logo":{"@id":"https:\/\/sklep.alinaduchnowska.pl\/sklepad\/#\/schema\/person\/image\/"},"description":"Urodzona w 1988. Pisarka i samodzielna wydawczyni, autorka cyklu fantasy \u201eKlan Smoka\u201d. Lubi snu\u0107 opowie\u015bci o magii i mi\u0142o\u015bci. Wielbicielka mangi i anime oraz zapalona r\u0119kodzielniczka. Mi\u0142o\u015bci\u0105 jej \u017cycia s\u0105 koty, kt\u00f3re lgn\u0105 do niej ca\u0142ymi stadami. Dlatego gdziekolwiek idzie, towarzysz\u0105 jej chmury kociego futerka.","sameAs":["http:\/\/sklep.alinaduchnowska.pl\/sklepad","https:\/\/www.facebook.com\/alinaduchnowskaautorka","https:\/\/www.instagram.com\/alina_duchnowska_autorka\/","https:\/\/www.youtube.com\/channel\/UCdmmU95sCOeZjpMXyH2zw3w"]}]}},"jetpack_sharing_enabled":true,"_links":{"self":[{"href":"https:\/\/sklep.alinaduchnowska.pl\/sklepad\/index.php\/wp-json\/wp\/v2\/product\/638","targetHints":{"allow":["GET"]}}],"collection":[{"href":"https:\/\/sklep.alinaduchnowska.pl\/sklepad\/index.php\/wp-json\/wp\/v2\/product"}],"about":[{"href":"https:\/\/sklep.alinaduchnowska.pl\/sklepad\/index.php\/wp-json\/wp\/v2\/types\/product"}],"replies":[{"embeddable":true,"href":"https:\/\/sklep.alinaduchnowska.pl\/sklepad\/index.php\/wp-json\/wp\/v2\/comments?post=638"}],"wp:featuredmedia":[{"embeddable":true,"href":"https:\/\/sklep.alinaduchnowska.pl\/sklepad\/index.php\/wp-json\/wp\/v2\/media\/599"}],"wp:attachment":[{"href":"https:\/\/sklep.alinaduchnowska.pl\/sklepad\/index.php\/wp-json\/wp\/v2\/media?parent=638"}],"wp:term":[{"taxonomy":"product_brand","embeddable":true,"href":"https:\/\/sklep.alinaduchnowska.pl\/sklepad\/index.php\/wp-json\/wp\/v2\/product_brand?post=638"},{"taxonomy":"product_cat","embeddable":true,"href":"https:\/\/sklep.alinaduchnowska.pl\/sklepad\/index.php\/wp-json\/wp\/v2\/product_cat?post=638"},{"taxonomy":"product_tag","embeddable":true,"href":"https:\/\/sklep.alinaduchnowska.pl\/sklepad\/index.php\/wp-json\/wp\/v2\/product_tag?post=638"}],"curies":[{"name":"wp","href":"https:\/\/api.w.org\/{rel}","templated":true}]}}